. What is the remainder when v is divided by 12?
11
Let m(s) = 21*s**3 + 4*s**2 - 10*s + 2. Calculate the remainder when m(2) is divided by 43.
37
Let i(t) = 4*t - 3. Suppose 0 = -12*l + 3*l + 441. Calculate the remainder when l is divided by i(5).
15
Let j(h) be the first derivative of h**2/2 + 27*h - 3. Calculate the remainder when 30 is divided by j(-11).
14
Suppose -3 = c, c - 7 - 14 = -4*q. Let s(b) = -b**2 + 9*b - 4. Let r be 2 + (-4)/(-3 - -1). Calculate the remainder when s(r) is divided by q.
4
Suppose -2*w - 8 = -l + 7, 5*l = -3*w + 88. Let o(v) = 8*v + 0*v + 7*v**2 - 9 - v**3 - 2*v. What is the remainder when o(7) is divided by l?
16
Let m = -74 - -205. What is the remainder when m is divided by 11?
10
Let g(t) = -t**3 + t + 33. What is the remainder when g(0) is divided by 12?
9
Let l(k) = -6 + 1 - k + 4 + 0. Let x be l(-2). Let i = x + 7. Calculate the remainder when 15 is divided by i.
7
Let n = -21 - -25. What is the remainder when 11 is divided by n?
3
Let d = -57 + 106. Let i(k) = 3*k + 8. What is the remainder when d is divided by i(3)?
15
Let o = 11 + 20. What is the remainder when o is divided by (-2 - 9)*1/(-1)?
9
Let j be 1/2 + (-34)/(-4). Let a = -5 + j. What is the remainder when (a/10)/((-2)/(-230)) is divided by 16?
14
Let l(q) = 2*q**2 - 4*q - 5. Let p(j) = j**3 - 11*j**2 + 11*j + 10. Let z be p(10). Let b = 0 + z. What is the remainder when b is divided by l(4)?
9
Let s = 8 - 3. Suppose -3*x + 7*x - 2*c = 102, x - 25 = c. Let w = -13 + x. What is the remainder when w is divided by s?
3
Let h(j) = j**3 - 8*j**2 - 2*j + 4. Let s be h(8). Let i = -6 - s. Calculate the remainder when 17 is divided by i.
5
Suppose s = -3*s + 8. Suppose 2*o - 3*k + 2*k = 126, 0 = k - s. What is the remainder when o is divided by 13?
12
Let z(a) = -7*a + 1. Let x be z(1). What is the remainder when (x - -3 - -22) + 2 is divided by 11?
10
Suppose 80 = -2*i - 70. Let c = -45 - i. What is the remainder when (c/4)/(1/6) is divided by 23?
22
Suppose 3 = -2*c - 3, -4*p + 2*c + 186 = 0. Suppose -p - 5 = -5*x. What is the remainder when (4*2)/((-4)/(-14)) is divided by x?
8
Calculate the remainder when 37 is divided by 20/8*(94/10 + -1).
16
Let h = 286 - 199. Suppose -16 = -5*y + 94. Calculate the remainder when h is divided by y.
21
What is the remainder when (-4)/(-10) - (-156)/10 is divided by ((-1 - -4) + 3)/1?
4
Let u = 15 - -31. Suppose 0 = c - 0*c + u. Let a = -25 - c. Calculate the remainder when 41 is divided by a.
20
Let w = 6 - 2. Suppose 3*c = 4*u - 152, 2*u + 86 = 4*u - w*c. Let d(x) = x**3 + 5*x**2 - x + 7. What is the remainder when u is divided by d(-5)?
11
Let y = -15 + 36. What is the remainder when 79 is divided by y?
16
Suppose 3*p = -2*p + 25. Let f(r) = r**3 - 5*r**2 - r + 7. Let k be f(p). Suppose 3*i - 10 = k*i. Calculate the remainder when 28 is divided by i.
8
Let j = 171 + -121. What is the remainder when j is divided by 13?
11
Let s = 57 - 10. What is the remainder when s is divided by 16?
15
Let o(x) = -9*x - 27. Calculate the remainder when o(-8) is divided by 23.
22
Let b = -118 + 168. Calculate the remainder when b is divided by 17 - 0/(2/(-1)).
16
Let o be (7/4)/((-2)/8). Let a = o - -42. Calculate the remainder when a is divided by 248/14 + 4/14.
17
Suppose -4*o + 2*o = -5*x + 171, 5*x - 174 = 3*o. What is the remainder when 96 is divided by x?
30
Suppose -3*d = 0, 4*h - 5*h = 5*d + 3. Let i be -3*(104/h)/2. Suppose x = -x + i. What is the remainder when x is divided by 9?
8
Let o be (-122)/5 + 8/20. Let l = -13 - o. Let a = -6 + 27. Calculate the remainder when a is divided by l.
10
Let b(l) = 7*l + 2. Calculate the remainder when 146 is divided by b(5).
35
Let n = -1 + 2. Let l be (-3 + 2)*(n - -12). Let h = l + 32. Calculate the remainder when 55 is divided by h.
17
Let w = -181 + 221. Calculate the remainder when 65 is divided by w.
25
Let t = 9 + -7. Let b(a) = 2*a**3 - a**2 - 2. Calculate the remainder when b(t) is divided by 4.
2
Let q(j) = -2*j - 3. Let g(f) = -4*f - 6. Let w(z) = 6*g(z) - 13*q(z). Let v be w(3). Let b = -5 + v. What is the remainder when b is divided by 2?
0
Suppose 1 - 5 = 2*v. Let s be 1 + v/(1 + -3). Suppose -s*c + 15 = -c. What is the remainder when 28 is divided by c?
13
Let x(o) = o**2 - 6*o - 1. Let z be x(7). Let y = -4 + 7. Calculate the remainder when 8 is divided by z/1 + (y - 4).
3
Let x = -76 + 129. Let q be 4*(-3 - -6)/3. Suppose q*s - s = 54. What is the remainder when x is divided by s?
17
Let n(z) = -z**3 - 5*z**2 + 6*z + 5. Calculate the remainder when n(-7) is divided by 9.
7
Let s(m) = -m**3 - 9*m**2 + 5*m + 10. Calculate the remainder when s(-10) is divided by 16.
12
Let i be (-23)/((-3 + 5)/(-2)). Let c = -11 + i. Calculate the remainder when 6/(-3) - (-1 - 46) is divided by c.
9
Suppose 0 = d + 4*t - 31, -6 = d - t - 52. Let g(r) = r**2 - 8*r + 3. Let w be g(9). Suppose 3*x = -w + 57. Calculate the remainder when d is divided by x.
13
Suppose -t = -3*t, t = -5*p + 55. Let a be p/(-2) - 2/(-4). Let h(f) = f**3 + 4*f**2 - 6*f - 3. What is the remainder when h(a) is divided by 1?
0
Suppose 9*g = 13*g - 4. What is the remainder when 58 is divided by (-32)/24*(-8 - g)?
10
Let o be (91 - -2)/3 - 2. Suppose 0 = l - 3*j - 2, -4*l = -0*l - 5*j - o. Calculate the remainder when 32 is divided by l.
10
Let m = -1 - -23. What is the remainder when m is divided by 6?
4
Suppose -h + a = 4*h - 109, -4*h = -2*a - 92. What is the remainder when 39 is divided by h?
18
Suppose 4*b = 5 + 19. Suppose 0*p = p - b. Calculate the remainder when 17 is divided by p.
5
Let p = 31 - 14. What is the remainder when p is divided by 6?
5
Let s = -31 + 16. Let d = -2 - s. What is the remainder when 51 is divided by d?
12
Let c(l) = l**2 + 8*l - 14. Let r be c(-10). Suppose -2*g = -r - 30. What is the remainder when 34 is divided by g?
16
Let q = 30 - 2. What is the remainder when 55 is divided by q?
27
Let j be 30/(-6)*9/(-15). Suppose -j + 27 = 3*z. What is the remainder when z is divided by 7?
1
Let t = 98 - 44. Suppose -z = -0*z - t. What is the remainder when z is divided by 28?
26
Let d(h) = 7*h - 7. What is the remainder when -1*(2 - 25 - 2) is divided by d(2)?
4
Calculate the remainder when (4/6 + -2)*-3 is divided by 1 + 2 + 0 + -1.
0
Let b = -24 + 34. Calculate the remainder when 27 is divided by b.
7
Let z(y) = -7*y + 1. Let d(p) = 4*p**2 - 5*p + 2. Suppose 0 = -0*r + 3*r - 9. What is the remainder when d(r) is divided by z(-1)?
7
Suppose 3*p = -0*p. Suppose 3*u + 37 = 7*f - 3*f, -2*f - 2*u + 8 = p. Calculate the remainder when 26 is divided by f.
5
Let w = -3 - -42. What is the remainder when w is divided by 15?
9
Suppose -3*s - 2*s = -35. Let p(u) = -u**3 - 3*u**2 + 9*u - 7. Let o be p(-5). Let k = o + s. What is the remainder when k is divided by 2?
1
Let g(x) = x + 12. Calculate the remainder when g(-6) is divided by 5.
1
Let j(g) = 2*g + 4. Let w be j(0). Suppose -4*p - 5*z + 31 = 0, -w*z - z = -4*p + 41. Calculate the remainder when 35 is divided by p.
8
Let w(u) = -u + 8. Let t be w(7). Let n = t - -28. Calculate the remainder when n is divided by 6.
5
Let s(u) = u**3 + 2*u**2. Calculate the remainder when s(3) is divided by 16.
13
Let t = 72 - 47. Let g = 45 - t. Suppose s = -0 + g. Calculate the remainder when 38 is divided by s.
18
What is the remainder when 21 is divided by 50/(-15)*9/(-5)?
3
Let m be (1/(-3))/(4/(-372)). Suppose -3*a - 6 + 15 = 0, -2*j + a = -m. Let p = j + -10. What is the remainder when 18 is divided by p?
4
Suppose -19*s + 20*s = 174. What is the remainder when s is divided by 44?
42
Suppose 4*i = -5*v + 49, 8 = 2*v - 4*i - 34. Suppose -2*r = 5*t - 48, 4*t - 3*r = 3*t + v. Calculate the remainder when (6/4)/(6/112) is divided by t.
8
Let n(u) = -u**3 - u + 44. Let y(q) = q**2 + 5*q + 4. Let m be y(-4). What is the remainder when n(m) is divided by 15?
14
Let n be (-3 + (-2)/(-1))*-7. Suppose -z + 10 = 2*v, -2*z - n*v + 2*v + 21 = 0. Calculate the remainder when 14 is divided by z.
6
Let m(c) = c + 8. Let r be m(-5). Suppose -49 = -r*u + 107. What is the remainder when u is divided by (3 + -5 - -1) + 28?
25
Let a = 180 + -127. What is the remainder when a is divided by 21?
11
Suppose 0 = -4*g + 287 + 41. What is the remainder when g is divided by 42?
40
